 = -1029. What is the highest common factor of r and 23?
23
Let k(q) = 2*q**2 - 82. Let n be k(-9). Calculate the highest common divisor of 100 and n.
20
Suppose 5*t + 2099 = 2*b + 420, 3*t - 4275 = -5*b. What is the highest common divisor of b and 12?
12
Suppose 9*h - 2026 = 269. What is the greatest common factor of 170 and h?
85
Suppose 5*j = 38*j - 858. What is the highest common factor of j and 117?
13
Suppose -5*s - 172 = -w - w, 2*s = 0. Suppose v - w - 173 = 0. What is the greatest common divisor of 37 and v?
37
Let a = 289 - 234. Calculate the highest common divisor of a and 99.
11
Let l = 328 - 298. What is the highest common factor of 105 and l?
15
Suppose 2*p + 228 = 5*c, p - 185 = -15*c + 11*c. Calculate the greatest common divisor of c and 46.
46
Let y(c) = c**3 + c**2 + c + 3. Let t be y(-3). Let f be 137/9 + 4/t. Let q be (-4)/6*9900/240*-6. What is the greatest common factor of q and f?
15
Suppose 0 = -4*l + 14736 - 5776. Calculate the highest common divisor of 7 and l.
7
Suppose c + 416 = 494. Calculate the greatest common factor of 351 and c.
39
Let o be 3/(-18) - (-2)/12. Suppose o = -7*w + 3*w + 136. Suppose -3*j + w = -3*x - 2, 0 = 4*j - 5*x - 53. What is the highest common divisor of 35 and j?
7
Let x = 90 - 14. Suppose -g - 2*g = 18. Let o(s) = -s**3 - 6*s**2 - 2*s + 7. Let i be o(g). What is the highest common divisor of i and x?
19
Let g = 612 + -591. What is the greatest common factor of g and 30?
3
Let y(d) = 2*d**2 - 25*d + 39. Let z be y(13). What is the highest common factor of z and 208?
52
Suppose -10 + 22 = -4*n. Let m(o) = 3*o**2 + 6*o + 9. Let v be m(n). Let h be -1 + 10 + 2 - -1. Calculate the greatest common factor of v and h.
6
Let k be ((-27)/(-2))/((-18)/(-24)). Let g = 30 - k. Suppose 2*b - 2*d = 32, -b + 10*d + g = 5*d. What is the greatest common factor of b and 68?
17
Suppose -96 + 216 = 5*o. What is the greatest common factor of o and 84?
12
Let x be 10/(-3)*18/(-15). Suppose -x*z - 2*s + 206 = 0, -73 - 192 = -5*z + 5*s. What is the greatest common divisor of 13 and z?
13
Suppose 28 = 6*z - 32. Suppose 3*j - z + 1 = 0, 5*m = j + 807. Calculate the greatest common divisor of m and 18.
18
Let x(p) = 6*p**2 - 6*p + 8. Let b be x(4). Suppose -95 = -5*y + b. Let i be 10/y + (-78)/(-21). What is the greatest common divisor of i and 32?
4
Suppose 1768 = -759*v + 767*v. What is the highest common factor of 102 and v?
17
Let v be 108/(-24)*8/(-3). Suppose -3*b + v = -93. Calculate the greatest common divisor of b and 5.
5
Let t(b) = 3*b - 5. Let i be t(3). Suppose -h = i*g - 4*h - 171, -h = -4*g + 177. Calculate the greatest common divisor of 9 and g.
9
Let p = 43 + -39. Suppose m = p*u - 75, -2*u + 52 = u - 5*m. What is the highest common divisor of u and 76?
19
Let w(d) = -d**3 - 21*d**2 - 28*d + 17. Let i be w(-20). Let l be 2*(2 - i/(-6)). Calculate the greatest common divisor of 21 and l.
21
Let q = -180 - -226. What is the greatest common divisor of q and 460?
46
Suppose 0*h + 4*g = -h + 107, 2*g + 279 = 3*h. Calculate the highest common factor of 57 and h.
19
Let x = 43 + -42. Suppose 0 = -4*l + 51 - 7. What is the highest common factor of l and x?
1
Suppose 31 = 7*s + 3. Suppose s*m - 20 = -2*y - 0*m, 5*m - 10 = 5*y. Suppose -y*z = -14 - 26. What is the highest common factor of 5 and z?
5
Let f(w) = -w**3 + w**2 + 6. Suppose -3*t - 2 = n, 5*t - 3*n = -0*t + 6. Let k be f(t). Let r = -1 + 2. Calculate the highest common factor of k and r.
1
Suppose -5*u = -64 - 6. Let y be 0*(30/(-9) + 3). Suppose -2*c + 3*t = -212, y*c - 2*t = -5*c + 552. Calculate the highest common factor of c and u.
14
Suppose 12*y - 223 - 1097 = 0. Let s(c) = c**2 + 8*c. Let x be s(-8). Suppose -3*b = 7 + 8, x = -3*m - b + 25. Calculate the highest common divisor of y and m.
10
Let y(i) = -2*i**2 + 136. Let g be y(0). Let r be ((-102)/9)/((-6)/9). Calculate the highest common factor of r and g.
17
Suppose -5*s = 26*s - 1860. What is the greatest common divisor of s and 150?
30
Suppose 13*j - 8*j - 35 = 0. Calculate the greatest common divisor of 7 and j.
7
Let o(x) = x**2 - x - 17. Let b be o(0). Let h = 92 + b. What is the highest common factor of 15 and h?
15
Suppose 0 = 2*q + q - 5*y - 59, 0 = 4*q - 2*y - 60. Calculate the greatest common divisor of q and 377.
13
Suppose 34*q - 33*q - 45 = -p, -2*p + 4*q + 78 = 0. What is the greatest common divisor of 301 and p?
43
Let q(s) = -s**3 + 8*s**2 - 6*s - 6. Let h be q(7). Suppose -15 = -6*t + t. Let a be 6*t*3/6. What is the greatest common divisor of h and a?
1
Let z be -3*11/2*-2. Let j = 7229 + -7196. What is the highest common factor of j and z?
33
Suppose -4*h - 6 = v, -40*v + 36*v - 3*h + 15 = 0. Calculate the highest common factor of v and 22.
2
Suppose -24*f = -263 - 25. What is the greatest common factor of f and 246?
6
Let q be (3264/(-20))/(74/(-185)). What is the greatest common factor of 510 and q?
102
Suppose -4*l = -p - 7, -2*l - 5*p = -13 + 4. Suppose l*x + 168 = 8*x. What is the greatest common factor of x and 196?
28
Let v(j) = -j**3 + 10*j**2 + 20*j + 13. Let z be v(11). What is the highest common divisor of z and 21?
7
Let u(k) = 10. Let j(c) = -2*c + 10. Let r(z) = 4*j(z) - 5*u(z). Let v be r(-3). What is the highest common factor of v and 14?
14
Let d(f) = -f**2 - 19*f - 63. Let s be d(-10). Calculate the greatest common divisor of s and 1539.
27
Suppose 0 = 1301*n - 1308*n + 441. Suppose -u + 3*j = 16, -2*u + 2*j + 1 = 13. Let x be 9*(2 + 0 + u). What is the greatest common divisor of n and x?
9
Let b(l) = -3*l - 2. Let f be b(-2). Suppose -70 - 22 = f*d. Let s = d - -38. Calculate the greatest common divisor of 30 and s.
15
Suppose 3*v - 2040 = v - 4*i, 0 = -5*v - 4*i + 5130. What is the greatest common factor of 20 and v?
10
Suppose -4*u = -3*m - 0*u + 28, -3*u = -4*m + 35. Let b(t) = -t**3 - 8*t**2 - 13*t - 34. Let j be b(-7). Calculate the greatest common factor of j and m.
8
Let m(n) = -3*n**2 - 9*n - n**3 + 6*n**2 + 0*n**2 - 5. Let p be m(5). Let r = p + 163. What is the greatest common factor of r and 42?
21
Let n(t) = -3*t - 3. Let k be n(-3). Suppose -k*q + 2*q = 0. Suppose -y + 4 - 2 = q. What is the highest common factor of y and 2?
2
Let a = 84 - 120. Let i = 81 - 144. Let r = a - i. What is the highest common divisor of r and 3?
3
Let b(j) = j + 2. Let k be b(8). Suppose -3 = -t + k. Let f = -28 - -41. Calculate the greatest common divisor of f and t.
13
Let n(u) = u**3 + 35. Let l be n(0). Suppose 3*g - l = -5*t + 102, 5*t = -2*g + 93. What is the greatest common factor of g and 11?
11
Let n be 1/(2/(-2)) + 64. Let g(f) = -55*f + 3651. Let a be g(66). What is the greatest common factor of n and a?
21
Let u be 76 - ((-4)/(-1) - (-3 + 7)). What is the greatest common divisor of u and 95?
19
Let n be (5 - 6)*(1 - 3). Suppose n*d - 57 = 111. Calculate the greatest common divisor of 28 and d.
28
Suppose -5*v + 53 = 3*y, -4*y + y = -v - 47. Let k be 26/8 - 7/28. Suppose 0*i - 3*i + 2*o + 30 = 0, o + k = 0. What is the greatest common factor of y and i?
8
Suppose -2 = -l + 2. Suppose l*f - 54 = 42. Let w(m) = -4*m. Let n be w(-6). Calculate the greatest common divisor of n and f.
24
Let n be 4 + 798 - (-2 - 0/5). Calculate the greatest common factor of n and 36.
12
Let w be 3 + 0 + -4 - -196. Suppose 11*u = 894 + w. Calculate the greatest common divisor of u and 22.
11
Suppose -5*m + 5*j = 280, 4*m + 13 = -4*j - 211. Let k be ((-108)/14)/(8/m). Calculate the highest common divisor of 6 and k.
6
Let s = 7 + 20. Suppose -3*a + 36 = a - 2*f, 5*f - s = -3*a. Let m = 35 + a. What is the highest common divisor of 110 and m?
22
Suppose 3*o + 3*z - 4*z = 89, o + 2*z = 18. What is the highest common divisor of o and 406?
14
Suppose 138*s - 150*s + 16800 = 0. Calculate the greatest common divisor of 28 and s.
28
Let k = -591 + 565. Let y = -23 + 52. Let m = y + k. What is the greatest common divisor of 33 and m?
3
Let i = -284 + 440. Suppose 3*d + b - 4*b - 117 = 0, 5*b - i = -4*d. Calculate the greatest common divisor of 52 and d.
13
Let d(a) be the second derivative of a**5/20 - 5*a**4/12 + a**3 - 7*a**2/2 + 7*a. Let k be d(4). Calculate the greatest common factor of 7 and k.
1
Let m = 737 - 722. What is the highest common factor of m and 69?
3
Let s = 8